rst derivative of d(w). Determine k(2).
7
Let p = -6431 - -6445. Let b(z) = 4*z + 26. Calculate b(p).
82
Let f(h) = -h - 3. Let k be (192/15)/((-2)/(-5)). Suppose -k = 4*s - 60. Suppose -s*q - 60 = 5*q. Determine f(q).
2
Let d(y) = -y**3 - 9*y**2 - 8*y. Let s be -20*(-26)/(-195)*3. What is d(s)?
0
Let j(v) = -149 + v - 146 + 296. Let f(g) = 8*g**2 - g - 4. Let n(y) = f(y) + 3*j(y). Determine n(1).
9
Let i(s) = -26*s + 105. Let q(d) = 12*d - 53. Let v(o) = 3*i(o) + 7*q(o). Determine v(14).
28
Suppose -3*w + 12*q = 8*q - 36, 3*q = -6*w + 72. Let a(p) = -2*p**3 + 23*p**2 + 14*p - 17. Give a(w).
7
Let o(l) be the first derivative of 11*l**2/2 + l + 1. Suppose 0 = 2*f + 121 - 129. Suppose 2*s = -f*h - 3 + 15, -4*h = -s - 6. What is o(s)?
23
Let z(q) = 12*q**3 + 4*q**2 + 371*q - 372*q - 13*q**3. What is z(3)?
6
Let n(f) be the second derivative of -11*f**3/6 - 7*f**2/2 + 30*f - 30. What is n(-11)?
114
Let b(f) be the third derivative of -f**5/30 - 25*f**4/24 - 14*f**3/3 - f**2 - 3*f + 674. Calculate b(-12).
-16
Let l(m) = 9*m**2 + m. Suppose -23*n = -49*n. Suppose 208*z - 210*z + 2 = n. Determine l(z).
10
Suppose 24*o - 48 = 36*o. Let p(y) = 2*y**2 - y + 1. Let h(w) = 13*w**2 - 5*w + 10. Let c(z) = h(z) - 6*p(z). What is c(o)?
16
Let w(j) be the first derivative of j**7/840 + j**6/360 - j**5/120 + 2*j**4/3 + 28*j**3/3 - 193. Let x(n) be the third derivative of w(n). Calculate x(0).
16
Let d(y) = -y**3 + 7*y**2 + 4*y + 3. Let h(p) = -470*p + 8468. Let i be h(18). Give d(i).
-29
Let q(a) = 5*a**2 + 7*a - 5. Let p(i) = -2*i**3 + 195*i**2 - 106*i + 867. Let s be p(97). What is q(s)?
133
Let u(q) = -q**2 - 46*q - 62. Let g be (468/130)/(42/(-189) - 64/(-450)). Determine u(g).
-17
Let x(i) = i**2 - i + 5. Let q be 4/6*714/(-4). Let h = q - -117. Let o be 12/(-9)*(-6)/(-4) - h. Determine x(o).
5
Suppose 0 = -42*r + 40*r - 2*x, 2*x = 4*r + 12. Let m(h) = h**3 + 5*h**2 + 6*h + 2. Determine m(r).
2
Let c(h) = 106*h**2 - 8*h + 7. Let b = -26709 + 26710. Calculate c(b).
105
Suppose -61*b - a = -57*b - 3, 4*a = 4*b + 12. Let y(w) = -w**3 + w**2 - 2*w - 20. Determine y(b).
-20
Let u(i) = 357*i + 1409. Let t be u(-4). Let k(y) = -y**2 - 20*y - 26. Determine k(t).
-7
Let u(q) = 33 - 4*q - 27 - 2*q**2 + 3*q**2. Let x(t) = t**2 - 14*t - 9. Let g be x(15). What is u(g)?
18
Let d = 35 - 31. Let p be ((-6)/d)/((-11)/22). Let o(a) = -a**3 + 4*a**2 - 2*a + 1. What is o(p)?
4
Let x(q) = -264*q + 82 + 765*q - 259*q - 258*q. Calculate x(6).
-14
Suppose -k - 5*n + 28 = 0, -3*k + 3*n - 4 = 2. Let l(c) = -41*c + c**k + 2*c**2 + 40*c + 3 + 1 - 2 - 2*c**3. Determine l(-3).
50
Let p(v) = 2*v**3 + 4*v - 6 - v**3 + v**2 - 3*v. Let a(z) = -2*z**3 + 24*z**2 - 21*z - 11. Let o be 16/1 + (2 - 7). Let r be a(o). What is p(r)?
-6
Let y = -50 - -52. Let v(m) = -6*m - 1. Let d(h) = -5*h. Let q(o) = 4*d(o) - 3*v(o). Determine q(y).
-1
Let l(p) = 38*p + 42*p + 4*p**2 + 38*p - 10 + 43*p - 160*p. Give l(4).
58
Let x(w) be the third derivative of -w**4/12 - 17*w**3/3 + 267*w**2 - 3*w. Calculate x(-2).
-30
Let z(r) = -4*r**2 + 28*r - 115. Let n(o) = -7*o**2 + 58*o - 237. Let w(v) = -3*n(v) + 5*z(v). What is w(30)?
16
Let d be (-19)/(304/(-32))*(-1)/2. Let r(a) = -32*a**3 - 2*a - 2. Calculate r(d).
32
Let r(f) = f - 14. Let b be ((-1610)/69 + 16)*(-6)/4. Give r(b).
-3
Suppose 72 + 54 = -7*b. Let r be ((-5)/(-2))/(9/b). Let g(n) = -3*n + 7. Determine g(r).
22
Let c(p) = p**3 - 8*p**2 + 8. Let y be (-20)/(-60) + (-70)/(-6). Let o be 12*(12/(-27))/((-8)/y). What is c(o)?
8
Let x be 13/5 - 320/200. Let t be -4*(-9)/24*2. Suppose n = -t - x. Let c(y) = -y**2 - 5*y - 4. What is c(n)?
0
Suppose -4*x = 3*l + 100, 0 = -9*l + 7*l - 16. Let c(g) = 2*g**3 + 38*g**2 - 2*g - 39. Calculate c(x).
-1
Let h(l) = -l**3 + 6*l**2 - 5*l + 3. Suppose -3*t - 51 = -0*t. Let o(p) = p**2 - 11*p + 11. Let n be o(8). Let y = n - t. Give h(y).
15
Let a(b) = b**2 + b - 7. Let z(q) = -q**3 + 5*q**2 + 7*q + 136. Let c be z(8). Calculate a(c).
-7
Let i(n) = 4*n**2 - 14*n + 129. Let u(q) = 2*q**2 - 5*q + 65. Let v(t) = 4*i(t) - 7*u(t). Determine v(4).
9
Let f(x) = -x**2 - 68*x - 708. Let n be f(-13). Let a(u) = -u**3 + 5*u**2 + 14*u + 9. What is a(n)?
9
Let v(x) = 2 - 15*x + 3*x + 0*x**2 + x**3 + x**2 + 14*x. Let j(t) = t**3 - 6*t**2 - 8*t + 5. Let n be j(7). Determine v(n).
-6
Let k(x) = -29*x**2 + 16*x + 68. Let h(b) = -19*b**2 + 16*b + 68. Let n(s) = -3*h(s) + 2*k(s). Determine n(-10).
-8
Let a(k) = 4*k**3 + k**2. Suppose 12 - 34 = -y. Let t(l) = l - 23. Let m be t(y). Determine a(m).
-3
Let j(v) = 3*v + 2. Let i be -51*(80/12 - 3 - 4). Let z be (7/(-21))/((-2)/114). Let y = z - i. Determine j(y).
8
Let n(w) = -2*w + 7. Let a = 54 + -138. Let c = a + 89. Give n(c).
-3
Let l(j) = -2*j**2 + 42*j - 24. Let o(i) = 8*i - 1. Let h(a) = l(a) - 2*o(a). What is h(12)?
2
Let g(z) = -z**2 - 3*z + 132. Let u be g(-13). Let y be (-1)/(28/(-56)*u/(-6)). Let b(s) = 2*s + 11. Calculate b(y).
-1
Suppose 5*r = -3*v + 10, 2*r = -3*r - 5*v + 10. Let w(j) = -j**3 + j**2 - 7*j + 12. Let b be w(r). Let m(z) = -z**3 - 7*z**2 - 7*z - 4. Determine m(b).
2
Let u(b) = b**2 - 7*b - 6. Let q be u(10). Let a(n) = 28 - 50 + n**2 + q + 6*n. Give a(-4).
-6
Let z(n) = 3*n**2 - 184194*n - 184189*n + 368383*n + 1. What is z(1)?
4
Let u(k) = -50*k**2 - 22*k - 45. Let o(a) = 43*a**2 + 17*a + 44. Let i(w) = 7*o(w) + 6*u(w). Determine i(7).
-4
Let j(f) = f**2 + 7*f - 2. Let x be 8/14 + (-48)/84. Suppose x = 4*u - 4*m + 12, 2*u - 4*m + 8*m + 30 = 0. What is j(u)?
-2
Let h(u) = -u**3 - 9*u**2 + u + 2. Let d be -12 - -3*10/10. What is h(d)?
-7
Let g = 19/324 - 7/810. Let z(f) be the second derivative of -1/2*f**4 + g*f**5 - 1/6*f**3 - f + 0 + 0*f**2. What is z(6)?
-6
Let x(t) = 58 - 339 + 74 + 20*t + 0. Calculate x(10).
-7
Let f be 1/(-2) + (-133)/(-14). Let w(j) = -9*j + 25. Let i(d) = -7*d + 20. Let v(r) = -4*i(r) + 3*w(r). Determine v(f).
4
Let i(w) be the third derivative of w**6/120 - w**5/20 - w**4/12 + w**3/6 + w**2. Let y be (-9)/(-5) + (-175)/375*3/(-21)*3. What is i(y)?
-7
Let j(g) be the second derivative of -g**4/12 + g**3/2 - 2*g - 27. Let l be -3 - ((-6)/(-21) - (-174)/(-21)). Calculate j(l).
-10
Let u(o) be the first derivative of 17*o**3/3 + 3*o**2/2 - 9*o + 2516. Determine u(2).
65
Let n(u) = 4*u**2 + u - 5. Let m = -7013 + 7018. Give n(m).
100
Let t(y) = y**2 + 9*y + 1. Let w be (1 - 3/6)*-4. Let z be (-2)/(6/(-3)) - w. Let f(x) = -x**2. Let d be f(z). What is t(d)?
1
Let g(x) be the third derivative of 0*x + 1/60*x**5 + 11/24*x**4 + 0 + 0*x**3 - 13*x**2. Let u be 2 + 2 - (11 + 3). Determine g(u).
-10
Let a(t) be the second derivative of -t**4/12 + 5*t**3/6 - 27*t**2/2 + 2*t + 969. Calculate a(0).
-27
Let o(p) = 5*p**3 + 4*p**2 + 10*p + 20. Let k(h) = -h**3 + h**2 - 2*h - 1. Let s(r) = 6*k(r) + o(r). What is s(10)?
-6
Suppose 10*f = -13 - 37. Let a(r) be the third derivative of -r**5/60 - r**4/3 - 5*r**3/6 + 23*r**2. Give a(f).
10
Suppose p - 1 = 5*t, 0 = p - 4*p + 5*t + 3. Let d(u) = u**2 + 1. Let x(c) = 15*c**2 - 7. Let n be 8/6 - 28/84. Let j(l) = n*x(l) + 6*d(l). Calculate j(p).
20
Suppose -30*o + 35*o = 50 + 10. Let n(p) = p**3 - 11*p**2 - 14*p - 6. Determine n(o).
-30
Let c(x) = -x**2 - 5*x - 20. Let h = 22633 - 22640. Give c(h).
-34
Let p(k) = -8*k - 3659 + 3659 - 8*k. Suppose 3*s - 5 = 8*s. What is p(s)?
16
Let o = 0 + -5. Let u(b) = -332*b - 4 + 5 + 333*b. Let m(a) = 10*a**2 - 6*a - 4. Let z(v) = o*u(v) - m(v). Determine z(1).
-10
Let d(o) = -o**2 + 7*o + 2. Let i be -65 + -2*7/(7/2). Let b = i + 77. Suppose 0 = -b*y + 23 + 25. Give d(y).
8
Let o(g) = 115*g**3 - 8*g**2 - 9*g + 10. Let m(l) = 134*l**3 - 9*l**2 - 10*l + 11. Let q(j) = 6*m(j) - 7*o(j). Determine q(3).
-4
Suppose -208*p - 1974 = -102. Let l(m) = m**3 + 10*m**2 + 5*m - 12. Give l(p).
24
Suppose 0 = 5*q - c + 7, 558*q - 3*c - 9 = 553*q. Let x(g) = -19*g**2 - 5*g - 2. What is x(q)?
-158
Let u(a) = -25*a**3 - 7*a**2 + a - 125. Let s(l) = -13*l**3 - 3*l**2 + l - 54. Let m(j) = 7*s(j) - 3*u(j). Determine m(1).
-15
Let m(a) = 24*a**2 - 554*a - 152. Let s(o) = -4*o**2 + 92*o + 24. Let x(n) = -6*m(n) - 37*s(n). What is x(20)?
24
Let c(y) be the third derivative of 1/24*y**4 + 0 + 11/20*y**5 + 0*y - 25*y**2 + 0*y**3. What is c(1)?
34
Suppose 5*a + 6 = 1. Let i(f) be the second derivative